 326c?
326c
In base 10, what is 3080 - 380?
2700
In base 6, what is -2 - -1203522?
1203520
In base 10, what is 1 - -620369?
620370
In base 14, what is -98672 + 1?
-98671
In base 11, what is 43 - 437?
-3a4
In base 2, what is 1100000 + 11100100?
101000100
In base 7, what is -43 + 4125?
4052
In base 14, what is 3cb2c + 4?
3cb32
In base 16, what is 1 + -12a82?
-12a81
In base 2, what is -1001010101010011000 + -100?
-1001010101010011100
In base 8, what is -15367 - 30?
-15417
In base 8, what is 112 + 16326?
16440
In base 10, what is -61814 - -11?
-61803
In base 5, what is 1210234 + -3?
1210231
In base 12, what is 5 - -10619?
10622
In base 11, what is -34 - 19?
-52
In base 15, what is -11 + 43?
32
In base 13, what is 392 + -84?
30b
In base 13, what is 100c + 239?
1248
In base 11, what is 616181 + -2?
61617a
In base 4, what is -3 - 31031022?
-31031031
In base 16, what is -721e - 40?
-725e
In base 8, what is -10 - -57652?
57642
In base 5, what is 202201 - -21?
202222
In base 7, what is -12505 - 31?
-12536
In base 7, what is 1625 - -1315?
3243
In base 4, what is 10303123 - -221?
10310010
In base 9, what is 5 + 6277?
6283
In base 4, what is 200113 + -31130?
102323
In base 10, what is -22619 - 18?
-22637
In base 10, what is -521 + 329?
-192
In base 7, what is -14645022 + 3?
-14645016
In base 5, what is -303 - 3014?
-3322
In base 5, what is -10424301 - -31?
-10424220
In base 7, what is 3655 + 24?
4012
In base 13, what is -13621 - -1b?
-13603
In base 10, what is -4601 - 395?
-4996
In base 4, what is 1000131013 + 22?
1000131101
In base 3, what is 12 + 220221210022?
220221210111
In base 9, what is -10655 - -2?
-10653
In base 6, what is 0 - -523520?
523520
In base 7, what is -24 - 64552?
-64606
In base 14, what is 2 + -7155?
-7153
In base 16, what is 5 + -1cd4?
-1ccf
In base 16, what is -10e5c - 1?
-10e5d
In base 11, what is -5616a - -9?
-56161
In base 13, what is 1 - 6ba5?
-6ba4
In base 3, what is 10 - 210021101?
-210021021
In base 15, what is 88 - -e1?
179
In base 13, what is -1 + 2bc57?
2bc56
In base 7, what is 1534025 - -24?
1534052
In base 7, what is -201 - -10450?
10246
In base 8, what is 22 - -51711?
51733
In base 7, what is 1156 + 5303?
6462
In base 6, what is 100 + 3051?
3151
In base 14, what is 51 - -b24?
b75
In base 13, what is 7b94 + 110?
7ca4
In base 5, what is 11 + -3441100?
-3441034
In base 4, what is 133312 + 21212?
221130
In base 16, what is 1 + 426f?
4270
In base 6, what is -1012 - 1115?
-2131
In base 14, what is -7 + 5a07?
5a00
In base 7, what is -651 + -16340?
-20321
In base 5, what is -3 + -12220?
-12223
In base 6, what is -4 + -4010513?
-4010521
In base 4, what is 11312321210 - 10?
11312321200
In base 15, what is -11 - e93?
-ea4
In base 7, what is 3546202 - 1?
3546201
In base 12, what is -139814 + 6?
-13980a
In base 12, what is -8 + -2671?
-2679
In base 4, what is -11 + 10003210?
10003133
In base 8, what is -4 - -10657?
10653
In base 15, what is 5eb74 - -4?
5eb78
In base 6, what is -2053332 - 5?
-2053341
In base 7, what is -3451 - -150?
-3301
In base 14, what is -9 + -37a1?
-37aa
In base 4, what is 3 + 1013303?
1013312
In base 7, what is -1304 - -105?
-1166
In base 14, what is 4 - 32709?
-32705
In base 3, what is -222120000111 + -1?
-222120000112
In base 14, what is -13316 + 5?
-13311
In base 5, what is -132 + -211201?
-211333
In base 2, what is 1 + 1010001101011011?
1010001101011100
In base 3, what is -110 + -1221021?
-1221201
In base 8, what is -74 + 24117?
24023
In base 4, what is -20330100 - 1?
-20330101
In base 12, what is 2055 - -30b?
2364
In base 6, what is 34303 + -10?
34253
In base 5, what is 44400223 + 0?
44400223
In base 4, what is 11110 + 3131?
20301
In base 7, what is -5654142 + -4?
-5654146
In base 3, what is -12 - 100221121200?
-100221121212
In base 2, what is -11101000111110 + 11?
-11101000111011
In base 10, what is 4 + 262521?
262525
In base 16, what is 28a2 + -4?
289e
In base 2, what is -100011 - 10111100000?
-11000000011
In base 2, what is -1111 + -10111101000?
-10111110111
In base 8, what is -6 + -540606?
-540614
In base 6, what is -5 - -1211351?
1211342
In base 3, what is -1202001 + 212101?
-212200
In base 2, what is 100010110101 - 101?
100010110000
In base 7, what is -5535202 + 0?
-5535202
In base 11, what is 1731 - -45?
1776
In base 7, what is -203 - -2306?
2103
In base 3, what is 110002102 + -102?
110002000
In base 15, what is 12 + 34bc?
34ce
In base 12, what is -22a + 377?
149
In base 10, what is -35 - 22523?
-22558
In base 3, what is 1102101220 - 10212?
1102021001
In base 5, what is -14141 + 2320?
-11321
In base 7, what is -10663025 - 6?
-10663034
In base 2, what is -11000010010 + 1000100111?
-1111101011
In base 7, what is 5 - 4543133?
-4543125
In base 14, what is -c91 - c?
-c9d
In base 6, what is 1214553 + -202?
1214351
In base 2, what is -10100111111010111 - 101?
-10100111111011100
In base 14, what is 3dc - 15?
3c7
In base 3, what is 1102020 - 100?
1101220
In base 7, what is -153242 - 13?
-153255
In base 4, what is -110020330 - -3?
-110020321
In base 10, what is -31158 + -2?
-31160
In base 11, what is 12682 - -32?
12704
In base 2, what is 1000001 + -1101001110?
-1100001101
In base 4, what is -13221130 + 20?
-13221110
In base 3, what is -1 + 1220011010?
1220011002
In base 11, what is 3 + 149619?
149621
In base 5, what is 24 - -3010110?
3010134
In base 6, what is -3 + -2053000?
-2053003
In base 3, what is 121111 + -221?
120120
In base 9, what is -24022 - -1?
-24021
In base 11, what is 38 + 1060?
1098
In base 5, what is 10 - 104324014?
-104324004
In base 5, what is 4 + -13311320?
-13311311
In base 11, what is 1377726 - -4?
137772a
In base 7, what is -12464466 - -4?
-12464462
In base 16, what is a4db52 + 1?
a4db53
In base 8, what is -3312 + 16?
-3274
In base 12, what is -3947 - 10b?
-3a56
In base 11, what is 968a51 - 2?
968a4a
In base 14, what is 1b + -22c85?
-22c68
In base 11, what is -329a + 18?
-3282
In base 14, what is 9 - -31a2?
31ab
In base 6, what is -203 - -1543?
1340
In base 14, what is -4 - -50323?
5031d
In base 16, what is -15a5b9 - 3?
-15a5bc
In base 3, what is 1101 + -1211220220?
-1211212112
In base 9, what is -1088557 + 0?
-1088557
In base 15, what is -1 - -2a39?
2a38
In base 6, what is 5 - 153055?
-153050
In base 15, what is 3c2 + 195?
567
In base 15, what is 0 + -2c9b?
-2c9b
In base 7, what is -123 - 4334?
-4460
In base 16, what is -1e13af + -2?
-1e13b1
In base 8, what is -5 + -260034?
-260041
In base 3, what is 21211101 + 1?
21211102
In base 16, what is -5 - 3d7c?
-3d81
In base 15, what is 475 - 3?
472
In base 6, what is -123 + 134235?
134112
In base 7, what is -422352 - 2?
-422354
In base 16, what is -1b45 - -229?
-191c
In base 10, what is -23 + -276?
-299
In base 14, what is 223d7 - 6?
223d1
In base 16, what is -8fa3 + -2?
-8fa5
In base 8, what is 16254 + 5?
16261
In base 12, what is 3b4 - -24?
418
In base 5, what is -102 - -14004?
13402
In base 7, what is 1001324 - 6?
1001315
In base 13, what is 20 - 19873?
-19853
In base 8, what is 2723524 + -4?
2723520
In base 13, what is -1538 - -16?
-1522
In base 9, what is 10653 - 5?
10647
In base 14, what is -a84d - -3?
-a84a
In base 15, what is -270 - -e53?
bd3
In base 8, what is 12165 - -351?
12536
In base 7, what is 10056 - 326?
6430
In base 7, what is 11605 - 3?
11602
In base 12, what is -5 - 21965?
-2196a
In base 3, what is -20 - -2222222?
2222202
In base 10, what is 589 + -499?
90
In base 7, what is 146045 - -4?
146052
In base 8, what is -417 + 1747?
1330
In base 16, what is -213 - b?
-21e
In base 13, what is cc + 11a9?
12a8
In base 16, what is 556 + 92?
5e8
In base 13, what is 33b - -46?
384
In base 5, what is -3 + 102101?
102043
In base 11, what is 19 - 6057?
-6039
In base 16, what is -4 - -25ed5?
25ed1
In base 12, what is -9 - 5333?
-5340
In base 2, what is 11 - 11100110000111?
-11100110000100
In base 10, what is 69 - 11585?
-11516
In base 14, what is -7b - 5cc?
-669
In base 9, what is 2834773 - 0?
2834773
In base 4, what is -312 - 10200?
-11112
In base 2, what is -101010100111011 + -11?
-101010100111110
In base 10, what is -137 + 224?
87
In base 3, what is 110120200202 + 11?
110120200220
In base 10, what is 5 + 869206?
869211
In base 2, what is -110101011110111101001 - 1?
-110101011110111101010
In base 5, what is -114 - -1314324?
1314210
In b